436 (base 8) to base 7.
26343653
What is 10103343 (base 5) in base 13?
2b275
What is -408428 (base 9) in base 13?
-86426
Convert bae3a (base 15) to base 4.
2100332212
-11443126 (base 7) to base 5
-230102442
What is -4101333 (base 6) in base 11?
-123351
Convert 66178 (base 10) to base 4.
100022002
11001011001010010011 (base 2) to base 7
10034041
What is 100013020100 (base 4) in base 5?
2040123004
Convert -70371 (base 11) to base 7.
-606040
Convert -310013012311 (base 4) to base 16.
-d071b5
82fd6e (base 16) to base 8
40576556
Convert -10101100110010101100 (base 2) to base 9.
-1287765
-157422 (base 8) to base 10
-57106
-657030 (base 10) to base 11
-409700
102211002212 (base 3) to base 4
320302310
Convert -8bc00 (base 13) to base 2.
-111110001011011011
Convert -10441553 (base 6) to base 12.
-1332b9
-29a51 (base 16) to base 11
-107180
What is -1100011100111001 (base 2) in base 12?
-25621
-2081165 (base 9) to base 14
-210b15
What is -2b246 (base 14) in base 12?
-5223a
243313343 (base 5) to base 12
47618a
Convert -586805 (base 10) to base 3.
-1002210221112
-12552230 (base 6) to base 3
-210021221100
What is -38e5d (base 16) in base 12?
-b2a51
What is -4351341 (base 6) in base 14?
-59005
196b0c (base 13) to base 7
5316534
What is -a33184 (base 11) in base 14?
-312663
-da91a (base 15) to base 12
-2956b1
What is -2913a7 (base 15) in base 3?
-10201112002211
Convert 104201516 (base 7) to base 12.
21242b8
-9d731 (base 16) to base 9
-1182580
Convert -447246 (base 9) to base 13.
-94b3c
Convert -3512031 (base 6) to base 12.
-88617
-410414451 (base 6) to base 3
-111020020212111
What is 49249 (base 14) in base 10?
178817
Convert -1856005 (base 10) to base 12.
-7560b1
3123310301 (base 4) to base 11
565537
9699 (base 10) to base 7
40164
Convert -53700641 (base 8) to base 14.
-1755985
Convert 4132120 (base 8) to base 3.
2001121200210
What is 20001112120 (base 3) in base 8?
350664
What is -13442355 (base 7) in base 6?
-42514243
210323103002 (base 4) to base 9
20183488
Convert 11010230112 (base 4) to base 3.
2111120100010
What is 30625152 (base 7) in base 6?
131131310
Convert -611855 (base 10) to base 16.
-9560f
-186c5 (base 15) to base 16
-13538
20da4 (base 14) to base 5
10021044
Convert -2505245 (base 9) to base 12.
-55821b
What is -12a22 (base 11) in base 3?
-221102120
What is 131111213 (base 5) in base 3?
1012202011112
What is 1022000102110 (base 3) in base 16?
a843e
What is -3324b (base 15) in base 8?
-475331
What is 10245402 (base 6) in base 10?
301898
Convert -c215 (base 14) to base 9.
-50653
-865021 (base 16) to base 14
-1251bc5
What is 67824 (base 14) in base 16?
3d5a8
-10772403 (base 8) to base 9
-4381434
What is 344434 (base 5) in base 14?
47a6
-4233751 (base 10) to base 9
-7862547
What is 4b4e8c (base 16) in base 4?
102310322030
10101100110100101 (base 2) to base 15
1b340
Convert -1000211211022 (base 3) to base 16.
-85cf1
Convert -763805 (base 9) to base 8.
-1571575
Convert 5040511 (base 7) to base 9.
1111387
What is -257166 (base 9) in base 7?
-1220145
-425558 (base 12) to base 4
-3333123110
What is 26922d (base 15) in base 16?
1c47b8
-24201321 (base 5) to base 12
-aa3b7
Convert -173b2 (base 13) to base 3.
-2021011120
What is -111000010001 (base 3) in base 11?
-165342
-2153016 (base 8) to base 15
-b68ab
-133825 (base 9) to base 5
-10102330
111000110101000111111 (base 2) to base 9
3447418
What is 18bd9 (base 16) in base 10?
101337
Convert -2c1e6a (base 15) to base 14.
-3d7403
What is -302153 (base 12) in base 15?
-ec409
Convert 10321113011 (base 4) to base 14.
255a85
What is -34115122 (base 6) in base 4?
-3331011122
What is 33333201 (base 4) in base 5?
4044010
What is 1215032 (base 6) in base 9?
107552
Convert -2560665 (base 7) to base 5.
-41142310
Convert 168163 (base 9) to base 7.
613221
45442 (base 9) to base 5
1432001
Convert 5472349 (base 10) to base 9.
11260577
128075 (base 16) to base 4
10220001311
71b19 (base 12) to base 8
442005
-20511410 (base 6) to base 5
-123203124
What is -66422 (base 8) in base 14?
-a266
-5448 (base 15) to base 7
-103010
Convert 93b721 (base 13) to base 5.
1340441242
123408 (base 11) to base 7
1440661
Convert -211202121021000 (base 3) to base 6.
-1111141343
Convert -304fc (base 16) to base 14.
-52188
What is -5d3645 (base 15) in base 4?
-101002131230
396091 (base 10) to base 6
12253431
Convert -10322031202 (base 4) to base 3.
-2102101110001
Convert 62859 (base 12) to base 2.
11111100001000101
Convert 11110110022111 (base 3) to base 13.
65022a
-10346373 (base 10) to base 6
-1005431513
-121003111131 (base 4) to base 9
-13318526
2104011 (base 7) to base 2
111101111000101101
Convert 28389 (base 12) to base 3.
2211120220
Convert 37722406 (base 8) to base 16.
7fa506
Convert 334624 (base 7) to base 6.
1134324
-5612066 (base 7) to base 2
-10101000111111111110
-1222220021001 (base 3) to base 7
-12005650
What is -323001131 (base 4) in base 7?
-2024555
What is 300774 (base 8) in base 10?
98812
51521255 (base 6) to base 13
401468
11000100010000001011111 (base 2) to base 12
21a1653
What is 11102220201101 (base 3) in base 16?
2403e8
What is 35e64b (base 15) in base 14?
4b22c1
What is 14e071d (base 15) in base 10?
15138478
What is -42609ab (base 12) in base 10?
-12567443
1334126 (base 10) to base 7
14224403
Convert -310301010311 (base 4) to base 10.
-13832501
What is -100000011202101 (base 3) in base 2?
-10010010000100100000011
Convert -2010101202001 (base 3) to base 7.
-12413524
Convert -e7c7df (base 16) to base 4.
-321330133133
6641466 (base 7) to base 3
1112111121120
Convert 189600 (base 11) to base 5.
33302014
Convert -a44b4b (base 12) to base 6.
-131143335
-1628686 (base 9) to base 4
-3131000211
Convert 2543245 (base 6) to base 13.
4ab40
605432 (base 8) to base 9
333531
7358799 (base 10) to base 16
70494f
What is 197c85 (base 13) in base 12?
271916
What is -30222703 (base 8) in base 16?
-6125c3
-634037 (base 8) to base 7
-1536042
What is -22053 (base 12) in base 4?
-22332333
What is 231323003310 (base 4) in base 10?
12038388
Convert 218831 (base 10) to base 13.
787b2
Convert 3443100 (base 5) to base 13.
22465
What is -1330221300 (base 4) in base 14?
-d40da
What is -105134352 (base 6) in base 14?
-381a44
-1a3b00 (base 12) to base 14
-c0a08
-1155611 (base 8) to base 11
-1a81a5
2df613 (base 16) to base 12
1013157
Convert -446654 (base 11) to base 8.
-2555563
-100100110101100111010000 (base 2) to base 12
-3298500
Convert 42330204 (base 5) to base 9.
601034
1110101100001100001 (base 2) to base 15
9796c
What is -2041065 (base 7) in base 2?
-111011111000101100
-105791 (base 10) to base 8
-316477
2066828 (base 11) to base 16
378a90
What is -cca88 (base 14) in base 10?
-496000
Convert 31291a (base 12) to base 3.
1110012222211
What is -22010212221 (base 3) in base 14?
-425bb
Convert -81966 (base 11) to base 5.
-12311440
What is -694709 (base 13) in base 7?
-30130301
-5cc85 (base 13) to base 5
-20440211
What is 20cba0 (base 13) in base 4?
2330031323
What is -529474 (base 12) in base 4?
-10331311120
What is -1353ce (base 16) in base 12?
-511012
What is 3148a (base 11) in base 13?
17b2b
-133653134 (base 7) to base 9
-17333312
2030638 (base 11) to base 12
1250344
1322030222 (base 4) to base 2
1111010001100101010
What is -35aa1 (base 16) in base 8?
-655241
What is ab533 (base 12) in base 4?
313130313
Convert -127019 (base 12) to base 6.
-10252033
What is 11416233 (base 8) in base 7?
30141620
What is 166176 (base 15) in base 16?
10893f
Convert 4080162 (base 9) to base 7.
24341663
a64a61 (base 12) to base 15
36b991
What is 31041255 (base 6) in base 14?
1930c3
Convert -5606704 (base 8) to base 15.
-1ec9d7
Convert -24304555 (base 7) to base 4.
-20101232200
What is 424231 (base 6) in base 8?
103533
-111130031212 (base 4) to base 9
-11515881
Convert 20110211211001 (base 3) to base 8.
15101503
What is -169771 (base 12) in base 14?
-a2137
What is 121211201210 (base 3) in base 13?
b7b70
What is 20021301001 (base 4) in base 7?
24110524
20573 (base 8) to base 9
12673
What is -3a0942 (base 14) in base 7?
-22665212
Convert -20022202011 (base 3) to base 2.
-11110011000111010
Convert 8710845 (base 9) to base 4.
101310221321
What is -376286 (base 11) in base 4?
-2101000222
What is 586392 (base 13) in base 11?
1203915
What is -49b9c (base 14) in base 9?
-304726